of 2025?
True
Is 151 a factor of 74947048?
False
Does 156 divide 24731379?
False
Does 5455 divide 1986836465?
True
Is 42670808 a multiple of 8?
True
Is 7 a factor of 8638203?
True
Is 558309490 a multiple of 18?
False
Does 9 divide 151033239?
True
Is 1007827503 a multiple of 9?
False
Is 520369920 a multiple of 54?
True
Is 2992 a factor of 35632795?
False
Does 57 divide 6040974?
True
Is 49 a factor of 158839794?
False
Does 1605 divide 1462537?
False
Does 3662 divide 337350764?
True
Does 7 divide 47780241?
False
Does 469 divide 7671143?
False
Does 17 divide 3129514547?
True
Is 102747130 a multiple of 71?
False
Does 3480 divide 33708600?
False
Is 712845316 a multiple of 236?
True
Is 484250 a multiple of 130?
True
Does 17 divide 3171511136?
False
Is 321 a factor of 60994494?
True
Is 3849 a factor of 879773628?
True
Is 1835440865 a multiple of 72?
False
Does 2912 divide 60994752?
True
Does 180 divide 49777200?
True
Is 6610840 a multiple of 20?
True
Is 1062102240 a multiple of 282?
True
Does 16 divide 1281518528?
True
Is 20 a factor of 24067280?
True
Is 19 a factor of 11791628?
True
Does 534 divide 333790148?
False
Is 654371496 a multiple of 9?
True
Does 9 divide 15873313?
False
Does 376 divide 87085461?
False
Does 41 divide 14632357?
False
Is 100745718 a multiple of 190?
False
Is 436901966 a multiple of 314?
False
Is 32 a factor of 6030350816?
True
Is 22 a factor of 15464350?
True
Does 339 divide 7220942?
False
Is 57 a factor of 1215038049?
True
Is 167 a factor of 2578313?
True
Is 19 a factor of 23470096?
False
Is 241 a factor of 224136914?
False
Is 33785913 a multiple of 21?
True
Is 63675105 a multiple of 13?
True
Is 1147816098 a multiple of 867?
True
Is 87307589 a multiple of 2512?
False
Does 2007 divide 23233015?
False
Does 3 divide 299429525?
False
Is 66 a factor of 23571830?
False
Does 5 divide 233377745?
True
Is 218402760 a multiple of 109?
False
Does 65 divide 157815231?
False
Is 9529285 a multiple of 5?
True
Is 9 a factor of 1221243876?
True
Does 1143 divide 2094153?
False
Does 45 divide 403362740?
False
Is 52329706 a multiple of 187?
True
Is 179 a factor of 8953011?
False
Is 88 a factor of 5896880?
True
Does 6 divide 2046628812?
True
Is 1370046154 a multiple of 4562?
True
Is 176 a factor of 216273024?
True
Is 316525687 a multiple of 3?
False
Does 23 divide 13048472?
False
Does 18 divide 135800452?
False
Does 803 divide 99338763?
False
Is 52345056 a multiple of 48?
True
Is 827221780 a multiple of 22?
True
Is 1063 a factor of 45700496?
True
Does 2081 divide 393979082?
True
Does 40 divide 1033239000?
True
Is 29963494 a multiple of 209?
True
Is 9783418 a multiple of 8?
False
Is 113 a factor of 44449115?
True
Does 9 divide 57610836?
True
Does 303 divide 19952055?
False
Is 141 a factor of 9983642?
False
Is 21 a factor of 89939135?
False
Is 71 a factor of 59670290?
False
Does 16 divide 183635176?
False
Is 8 a factor of 2389676400?
True
Is 9583380 a multiple of 30?
True
Does 11 divide 3584026193?
True
Does 49 divide 248952879?
True
Does 504 divide 158205600?
True
Is 5093753 a multiple of 37?
True
Does 202 divide 171736764?
True
Does 12 divide 261707664?
True
Is 403 a factor of 648414910?
True
Does 2 divide 13799746?
True
Is 5196560 a multiple of 17?
True
Is 67919642 a multiple of 469?
True
Is 62858418 a multiple of 17?
True
Is 519 a factor of 3148468?
False
Is 7206252870 a multiple of 30?
True
Does 117 divide 499848864?
False
Is 86985360 a multiple of 216?
True
Is 1568950740 a multiple of 84?
True
Is 1286 a factor of 65714600?
True
Does 181 divide 1131258677?
False
Does 14 divide 701711905?
False
Is 6114 a factor of 447416406?
True
Does 1569 divide 63943515?
False
Is 708007193 a multiple of 3544?
False
Is 463 a factor of 39901676?
False
Is 10 a factor of 2273212978?
False
Is 389704104 a multiple of 337?
True
Is 185 a factor of 293420?
False
Is 645 a factor of 403680795?
False
Does 37 divide 483770782?
True
Is 53072594 a multiple of 173?
True
Is 1405 a factor of 11673265?
False
Is 169 a factor of 13612590?
False
Is 8 a factor of 146231626?
False
Does 448 divide 3570008?
False
Does 5 divide 241896475?
True
Is 34 a factor of 78709864?
True
Is 126004677 a multiple of 682?
False
Does 202 divide 1745290107?
False
Does 2988 divide 63617508?
True
Is 127963871 a multiple of 70?
False
Is 219 a factor of 1335045024?
True
Is 379344903 a multiple of 159?
True
Is 47207776 a multiple of 544?
True
Does 455 divide 7719680?
False
Is 19108960 a multiple of 416?
True
Is 119 a factor of 851347896?
True
Does 498 divide 687406943?
False
Does 1134 divide 37917435?
False
Does 582 divide 841939824?
True
Is 25 a factor of 185340650?
True
Does 1252 divide 357477960?
False
Is 2332970904 a multiple of 12?
True
Is 826 a factor of 14830830?
True
Is 185 a factor of 2720918580?
True
Is 5 a factor of 24934835?
True
Is 25659120 a multiple of 68?
True
Is 502 a factor of 183427853?
False
Does 4 divide 20731869?
False
Does 1367 divide 188008978?
True
Does 407 divide 26619428?
True
Does 9 divide 104690324?
False
Is 5 a factor of 2217984?
False
Is 2545 a factor of 154272810?
True
Is 74757900 a multiple of 485?
True
Is 225683857 a multiple of 322?
False
Does 4 divide 301065304?
True
Is 249237600 a multiple of 6?
True
Does 551 divide 93688819?
False
Does 23 divide 5898304?
True
Is 164222152 a multiple of 36?
False
Is 125850152 a multiple of 311?
False
Is 11864672 a multiple of 1616?
True
Does 85 divide 172520816?
False
Is 1108 a factor of 29538172?
True
Is 11617235 a multiple of 205?
False
Is 1079409544 a multiple of 13?
False
Is 3921270360 a multiple of 852?
True
Is 623586979 a multiple of 15?
False
Does 3326 divide 76122162?
True
Does 7 divide 240203488?
True
Is 353391695 a multiple of 2315?
True
Is 207998514 a multiple of 18?
True
Does 270 divide 118969171?
False
Is 518 a factor of 79477577?
False
Is 652 a factor of 638176296?
True
Does 63 divide 5773005?
True
Is 13134909 a multiple of 233?
True
Is 283 a factor of 162700074?
False
Is 239 a factor of 54385884?
True
Is 642 a factor of 34915941?
False
Is 239711921 a multiple of 28?
False
Is 48123759 a multiple of 403?
False
Is 55767101 a multiple of 37?
False
Does 37 divide 1289558928?
True
Is 101 a factor of 51406027?
False
Is 1502520404 a multiple of 9793?
True
Is 10 a factor of 87654280?
True
Is 928828387 a multiple of 29?
False
Does 4695 divide 56862712?
False
Is 183501728 a multiple of 3524?
True
Is 151 a factor of 993637984?
True
Is 40 a factor of 589436196?
False
Is 114 a factor of 53271082?
False
Is 1607 a factor of 3220964843?
False
Does 207 divide 1040417?
False
Does 1382 divide 62834012?
True
Does 98 divide 314915470?
False
Does 2 divide 1447288?
True
Is 36838476 a multiple of 201?
True
Does 13 divide 224328577?
False
Does 26 divide 4604106?
True
Is 33237360 a multiple of 12?
True
Is 2 a factor of 16456090?
True
Is 31 a factor of 39628850?
True
Is 6288062 a multiple of 279?
False
Is 15209648 a multiple of 4?
True
Is 36 a factor of 438981336?
True
Does 1427 divide 1762693?
False
Does 128 divide 760731983?
False
Is 78725196 a multiple of 132?
True
Does 580 divide 2691342680?
True
Is 2 a factor of 6258125?
False
Does 12 divide 484799112?
True
Does 4 divide 26188271?
False
Is 1664153394 a multiple of 89?
False
Does 963 divide 151556940?
True
Does 294 divide 2545405?
False
Is 28 a factor of 1607243792?
True
Is 6014 a factor of 867902611?
False
Does 5 divide 1544152229?
False
Is 428 a factor of 34589676?
True
Is 107175388 a multiple of 96?
False
Is 21318561 a multiple of 112?
False
Does 140 divide 93800980?
True
Is 95 a factor of 25929618?
False
Does 384 divide 2616057216?
True
Does 38 divide 1777830646?
True
Does 17 divide 81910417?
False
Is 5324295 even?
False
Does 30 divide 253115220?
True
Is 17998478 a multiple of 67?
True
Is 1524477146 a multiple of 4678?
False
Is 44512521 a multiple of 69?
True
Is 106 a factor of 61697936?
True
Does 1111 divide 323339885?
True
Is 4161158 a multiple of 17?
True
Is 33213928 a multiple of 1322?
True
Does 12 divide 132301522?
False
Is 288 a factor of 687618?
False
Is 131565362 a multiple of 56?
False
Is 1132098799 a multiple of 8458?
False
Is 953021092 a multiple of 10?
False
Is 2209752032 a multiple of 2767?
False
Is 105 a factor of 181131720?
True
Does 232 divide 12309126?
False
Does 2216 divi